-48 - -6.
-3
Evaluate 2 - -103 - (-2498 + 2563).
40
Calculate -63 + -42 + (36 - -19).
-50
Evaluate 16 - (-39 - (-20 + 4 + 27)).
66
What is the value of (-57 + 85 - 20 - (4 + -2 - -2)) + 13?
17
What is the value of (-85 - -75) + (13 - 0) + -10?
-7
265 - 246 - (-103 + 30 + (-8 - -1))
99
-1 + -51 + (-72 - -52) + 31 - -11 - -14
-16
What is the value of -9 - (-38 - -46) - -7 - -40?
30
Calculate (-28 - -8 - -20) + 0 + (56 - (0 + 6)).
50
1 - 43 - (539 - 546)
-35
3 - -84 - (97 - (-75 - -154))
69
What is 1 + 8 + (-2 - -20 - 13)?
14
What is 1 - -41 - (9 - (-18 + 4))?
19
What is (14 - (5 - (-23 - -15))) + -25?
-24
What is the value of (-218 - -304) + (-8 - -10 - (1 + 9))?
78
Evaluate 101 + -136 - (6 + -3 + 16).
-54
What is the value of 15 + (-41 - -9) + -14 + -62?
-93
-618 + 610 - ((-4 - (4 + -7)) + 74)
-81
Calculate 4 + 18 - (-112 + 125 + 105).
-96
What is the value of 1 + -87 + (-3408 - -3439)?
-55
Evaluate -12 - (-6 + -8 + 15) - (-6 - 2).
-5
What is the value of -11 - (21 - -27 - 53 - (-2 + (-2 - 11)))?
-21
Calculate 1032 + -1091 + 3 + 129.
73
Evaluate 59 + -35 + 38 + -1.
61
Evaluate -8 - (-213 - -111) - 4.
90
-7 - (-6 - -10) - (-13 + (-14 - -18))
-2
What is the value of -18 + 27 - 16 - (5 + -3) - -25?
16
What is 0 + -1 + 1 + 41 + 29 + -17?
53
What is -107 + 186 + -64 + -3 + 14?
26
Evaluate -5 + 7 - (-305 - -299).
8
What is the value of -32 + 13 + -34 + 17 + 12 - (9 - 1)?
-32
What is 33 + -15 - -4 - ((16 - 57) + -20)?
83
((104 - 227) + 155 - 44) + 21 + 0 + -1
8
Evaluate -13 + (-37 + 19 - -129).
98
What is the value of (1 - -111) + (-72 - -56 - (2 + 4) - -22)?
112
Calculate -26 - (26 + 9 + -40 + (-2 - -15)) - 11.
-45
What is 2 + (2 - -29) + (21 + 73 - 103)?
24
Calculate 24 + -19 - ((3 - 0) + 0) - -24.
26
-17 + -162 + (73 - -32)
-74
Calculate -3 - -122 - (-2407 - -2457).
69
What is the value of -67 + (46 + 67 - 76)?
-30
What is the value of -5 - 15 - (-102 - (-87 + -18))?
-23
What is the value of (0 - 9) + 36 + -2 + (89 - 77)?
37
What is -2 + (13 - (13 - 10)) + -10 - -49?
47
-5 + (-24 - (9 - 20) - -8)
-10
(-16 + -57 - -104) + -43
-12
What is the value of (6 - (4 - 12)) + (-39 - 14) - 16?
-55
What is the value of -40 + 22 - -8 - -17 - -19?
26
Calculate 9 + -21 + 19 + -8 + 0 + 22.
21
What is (397 - 403) + -29 + 0?
-35
What is 118 + (17 + -42 - 40) + 30?
83
What is the value of 110 - (-2 - (23 + -142))?
-7
What is 0 + 3 + (-2 - 6) - (63 + 8 + -24)?
-52
10 + (4 - 2) + -12 + 80 + -116
-36
What is 40 + -69 - (-26 + 9)?
-12
Calculate (24 + -55 - 87) + 54.
-64
What is (10 - (37 - -5 - -3)) + 13 + -14?
-36
(3 - (-10 - -17 - -81)) + 10 + 6 + -10
-79
What is the value of 14 + -32 + 53 + -8?
27
2 + -9 - (-4 + -55)
52
Calculate -47 + -40 + (15 - -56).
-16
26 + (-67 - -43) + 12
14
Calculate (8 - 21) + 3 + 10 + 1 + -6 + 87.
82
(-7 - 2) + (17 - (-4 - (-21 + 6)))
-3
Calculate (9 + -1 - (52 - 68 - -9)) + 81.
96
-3 - (-12 - 4) - (45 - (-25 + 19))
-38
-52 - 0 - (-598 + 599)
-53
Evaluate 35 + (-68 - -32) + 7.
6
Calculate 0 - (-23 - 0) - (10362 - 10353).
14
What is the value of 507 + -550 - (-12 - -1)?
-32
Calculate -112 + (-21 - -33 - -22) + 28.
-50
What is the value of 4 + 1 + 4 + (23 - 10 - (55 - 30))?
-3
Calculate -5 - 84 - -89 - (15 - 1).
-14
Evaluate 22 - 0 - (62 - 111 - -76).
-5
What is the value of -53 - (-26 + -34 + 20)?
-13
What is the value of 132 - (-36 - -140) - (-1 + -32)?
61
Calculate 24 + (7 - -6) + -2.
35
What is -7 + -1 - (91 + -77 - ((3 - 14) + 6))?
-27
What is 36 + (25 - (-28 - -39))?
50
What is 20 + 15 + -14 - 15 - 10 - (-1 + 9)?
-12
Evaluate 31 - (4 + (-3 - (2 + -10)) - 13).
35
Calculate -17 + -10 + 31 + 9 - (-2 + 135).
-120
What is the value of (-3773 - -3804) + -16 + 0 + -1?
14
-1 + -1 - (-34 + 22 + 8) - 36
-34
-13 + (-484 - -485) + (12 - -1)
1
What is 22 + (-72 - -4 - -34) + 3 + (-4 - -106)?
93
What is the value of (1 - -2 - (-229 + 222)) + -7 + 0?
3
What is the value of 1 + -115 - (10315 + -10377)?
-52
-1 + 1 - -14 - (103 - (-128 - -274))
57
Calculate 63 + (-7 + (5 + 1 - 5) - (-19 + 18)).
58
-5 + 46 + 4 + 1 - (331 + -331)
46
Calculate -2 - 18 - (13 - (18 + 35)).
20
Evaluate (3 - 14) + 20 + -10 + -22.
-23
Calculate (39 + -18 + 7 - -9 - 10) + -3.
24
Calculate (-11 - (-46 + -17) - (-1 - (4 - 1))) + -1.
55
39 + 31 + 27 - (-26 + 50)
73
What is the value of -1 + -5 - ((5 - 1) + -383 + 364)?
9
Calculate 19 + -5 + 30 - 13.
31
What is 53 + (5 + -52 - 7)?
-1
Calculate -15 + (-22 - -23) + -8 - -41.
19
Evaluate 9 + (-15 - -1 - -7) + -25 + 35.
12
What is the value of (2 - (14 + 1)) + (-7 + -2 - 26)?
-48
What is -10 + -4 + (14 - -2) - (-1 + 5 - 2)?
0
What is 91 + (44 - 207) - 21?
-93
(0 - 0) + (-1 - (-1 + 11 + -8)) + 17
14
Calculate -12 + (-7 - (-19 - (-2 + 7) - -13)) + -6.
-14
What is (1 - -3) + (-39 - 1) - (3 + -9 - 1)?
-29
Evaluate -84 + 87 + -27 + -2.
-26
Evaluate 15 + -6 + (26 - (52 + -19)).
2
Evaluate 2 + -32 - (12 + 25 + (-22 - 12)).
-33
What is -3 - (-8 - (-22 + -14)) - 0?
-31
Calculate -6 + (46 - 8) - (-23 - -36).
19
Evaluate (-88 - (41 + -117)) + (46 - -2).
36
Evaluate -2 + (11 + -4 - -6) + -7 + -13.
-9
Evaluate (-58 - -44) + -2 + 1 - -24.
9
Calculate -11 + (-20 - -34) - (-1 - (-4 - -16)).
16
What is (-65 - 3) + (-306 - -391)?
17
Evaluate (-4 - 6) + 49 - (2 - (-3 - 0 - 0)).
34
What is the value of -1 - 91 - (-5 + (-4 - (16 - 20 - -7)))?
-80
What is -27 + 32 + -10 + -3 + (3 - 8 - 0)?
-13
What is (-68 - (90 + -94)) + -12?
-76
-18 + (-7 - (13 - 25)) + -19 + -11
-43
-1 - ((2 + 1 - (19 + -21 + 0)) + -125)
119
What is -32 - (-15 + -15) - (5 + -8 + 22)?
-21
29 + (-22 - -12) + -7 - (-41 - 5)
58
What is -89 - (-83 - 85) - 109?
-30
What is the value of 64 - (171 - 116 - -94)?
-85
What is -1 + ((13 - 42) + 23 - (5 + -2))?
-10
5847 - 5762 - (0 + -2)
87
Evaluate 12 + 19 - 15 - (-3 + -2 + -1 + 6).
16
Evaluate (15 - -1 - 0) + (-19 - (23 + 43)).
-69
Calculate 1 - (4 + -43 + 37 + 8 + 1) - 56.
-62
-22 + ((15 - 17) + 0 - (4 + 0))
-28
What is 5 - 3 - (320 - 284)?
-34
Calculate (8 - 20) + 6 - (153 + -240).
81
What is -72 + (-39 + 122 - 48)?
-37
Calculate (-89 - (4 + -2 + 2)) + (-27 - -26 - -3).
-91
What is 105 - ((-8 - 10) + 14 + 7) - (2 + -4)?
104
-10 + (26 - -18) - (3 - 1) - 14
18
What is 55 + (3 - -1) + (1 - (-8 + 10 - -4))?
54
Evaluate 13 + (-7 - -11) + (-29 - (4 + 8)).
-24
0 + (-1 + -3 - 1) + (242 - 217)
20
14 - (0 + 4 - (607 - 596))
21
What is 10 + -25 - ((11 - 15) + 73 - 5)?
-79
534 + -702 - (-3 - 89)
-76
-9 + -15 + (-13 - -27) + 19 + (2 - 12)
-1
Calculate -37 - (-16 - -24 - 59).
14
What is (0 - -12) + -11 + -127 + 153?
27
-69 - (-16 + 1 + (-37 - 81 - -116))
-52
Calculate 2 + (-73 - (13 - ((-43 - -46) + (8 - -2)))).
-71
What is the value of -12 + (-13 + -1 - (20 - 46 - -5))?
-5
What is the value of 119 + (16 - 89) - 70?
-24
What is (25 - 4) + -10 + -27?
-16
Calculate -3 + (-11 - 20) + (18 - 13).
-29
Calculate 8 + (-6 - 25 - -9) - (-6 + -1).
-7
What is (3 + -9 - 8) + 106 + 21 + 9?
122
What is -4 + -24 + 31 - 17 - (-39 + 4)?
21
Evaluate (10 + -1 - (-51 + -1)) + 4 - (-22 - -21).
66
Calculate (-35 - (28 + (22 - 74))) + (0 - 1).
-12
What is -20 + 74 + -29 + 6 + 3?
34
Calculate (-22 - -42) + -10 + -27 + 26 - 78.
-69
What is (-56 - -35) + 31 - ((4 - 66) + 9 + -14)?
77
What is 12 + -5 + -52 + 31 + -27?
-41
What is the value of -1 + -17 - (-9372 + 9459)?
-105
-24 + -77 + 98 - (-41 + 0 - 2)
40
(-4 - 5) + (103 - 63) - (-16 + 3)
44
-34 + (49 - 39 - (-2 - -20))
-42
What is (21 - 3 - 35) + 19 + 2 + -84?
-80
Calculate 136 + -163 - (-1 - 47) - (6 - 0).
15
9 - ((-116 - -133) + (2 - 9))
-1
-5 + 3 + (-52 - (-21 + 27 + (5 - 2)))
-63
Evaluate 8 + (28 + 3 - 33) - 56.
-50
Evaluate (1 - 14 - (428 - 452) - 57) + 11.
-35
Calculate -264 - -309 - (27 - 1) - (-3 - 97).
119
What is 66 + -53 - 54 - 3?
-44
Evaluate (24 - (-41 + 74)) + (-3 - -7 - -18).
13
0 + -6 + 15 - (-4 + 5 + -21 + 0)
29
What is the value of (16 + 0 - (21 + -28) - 14) + -52?
-43
What is -11 + 60 + (22 + -14 - (3 - (5 + -3)))?
56
Evaluate (0 + 10 - (19 + 25 + -45)) + 33.
44
What is the value of 5 + (-40 - 1) + -54 + (7 - -33)?
-50
What is the value of -101 - (-22 + 5 + 8 - 1) - -7?
-84
(-267 + 280 - 59) + -1 + 6
-41
Calculate (-5 - 5) + (213 - 194) + (-16 - -1) - -15.
9
Calculate -38 + (6 - (23 + (-33 - -14))).
-36
What is -5 + (-9 - -3 - -9) - 2 - (-23 - 3)?
22
-50 - 3 - (11 + 0 - (19 + (-1 - 0)))
-46
What is the value of 13